(base 5) in base 7?
121063341
Convert 2211022122102 (base 3) to base 12.
605402
Convert 37eef (base 16) to base 13.
80384
-80556 (base 14) to base 9
-520018
-12423505 (base 7) to base 8
-4243166
What is -101101111101010001 (base 2) in base 7?
-1412544
Convert -4213241134 (base 5) to base 6.
-511021513
What is -432437 (base 10) in base 15?
-881e2
-97baa (base 14) to base 10
-367258
What is -42005103 (base 6) in base 3?
-2021200112110
Convert 10371a (base 12) to base 2.
111110010001000110
4c6186 (base 13) to base 4
13001203111
What is -1320361 (base 7) in base 13?
-60a06
What is 6874443 (base 9) in base 2?
1110001001110100100100
What is -124645125 (base 7) in base 12?
-28166a0
-331020023 (base 4) to base 15
-4e2be
What is -278a0 (base 12) in base 16?
-d638
Convert 100121201221 (base 3) to base 16.
2e3a5
What is -22dda92 (base 14) in base 9?
-34330470
Convert -65509 (base 14) to base 8.
-736725
Convert -111010101011101110 (base 2) to base 10.
-240366
-239392 (base 15) to base 5
-413424222
Convert 3934b0 (base 13) to base 11.
861625
What is -c914 (base 16) in base 9?
-77545
165152343 (base 7) to base 11
6434968
What is 3231311120 (base 4) in base 3?
1211111022022
What is 11112022211 (base 3) in base 14?
246da
Convert 1814064 (base 11) to base 13.
83abb5
Convert -268707 (base 9) to base 6.
-3302354
Convert 1b00da (base 14) to base 9.
1723614
What is -1463301 (base 7) in base 10?
-200460
Convert 321212132 (base 4) to base 2.
111001100110011110
Convert 1110000011101110 (base 2) to base 13.
20295
What is -6014010 (base 7) in base 9?
-1301436
What is -144285 (base 9) in base 14?
-2433a
-2032201 (base 7) to base 8
-733126
1c7a2 (base 14) to base 10
72858
Convert 900766 (base 10) to base 4.
3123322132
-12110210120 (base 3) to base 2
-11010010011100001
What is -5767 (base 15) in base 5?
-1043142
Convert 20540232 (base 6) to base 10.
604028
What is -2031124020 (base 5) in base 16?
-3f7e6f
Convert -14c20 (base 15) to base 3.
-10101201010
Convert -2d5c6 (base 14) to base 5.
-12114113
-22110201223 (base 4) to base 16
-29486b
101103111033 (base 4) to base 2
10001010011010101001111
2004003413 (base 5) to base 2
1111001001000011010001
What is 191257 (base 13) in base 4?
2122002211
-5674004 (base 9) to base 13
-831c73
Convert -1765447 (base 10) to base 7.
-21002035
-20401333 (base 5) to base 6
-3342132
102021212011 (base 3) to base 11
141a78
100320303201 (base 4) to base 14
833489
Convert 104345 (base 6) to base 12.
50b5
-13322200 (base 6) to base 10
-446328
1000101100010100111 (base 2) to base 11
185005
What is -16b964 (base 13) in base 4?
-2022301231
Convert -3d35c (base 15) to base 8.
-577640
What is -1827052 (base 10) in base 15?
-261537
Convert -18560021 (base 9) to base 10.
-9369127
-39a31 (base 14) to base 13
-4c7c0
Convert 1111010000 (base 2) to base 8.
1720
-2c70d (base 15) to base 4
-202333222
What is -2102211201 (base 3) in base 14?
-136c6
Convert -1521013 (base 9) to base 7.
-10100403
What is 22340022 (base 5) in base 10?
199387
Convert 4132241300 (base 5) to base 13.
19aa9ba
-21630 (base 12) to base 8
-126104
-1112120101101 (base 3) to base 15
-11267d
What is 25440331 (base 6) in base 8?
3124177
-345876 (base 9) to base 5
-23122003
Convert 100102202220201 (base 3) to base 13.
10676c5
367192 (base 13) to base 12
528a14
What is 8d29b (base 15) in base 12?
19813b
What is -9b45 (base 15) in base 10?
-32915
What is -261374 (base 10) in base 5?
-31330444
What is 101054 (base 11) in base 15?
331e6
Convert -115550142 (base 7) to base 15.
-989d23
Convert -4876087 (base 9) to base 4.
-22012213120
Convert -213534312 (base 6) to base 9.
-7166008
Convert 231782 (base 11) to base 10.
368293
What is 18c2 (base 13) in base 4?
321323
-342105 (base 7) to base 10
-60765
Convert 36432451 (base 7) to base 16.
319ea0
What is -63272 (base 12) in base 9?
-217255
What is -1232231 (base 7) in base 15?
-322d2
What is -1104416 (base 7) in base 5?
-13323122
What is 226263 (base 8) in base 5?
4430404
What is -1001111111110011001011 (base 2) in base 7?
-31163201
159801a (base 12) to base 2
10000111001101100010110
-3b075 (base 14) to base 6
-3041435
Convert 193d5 (base 15) to base 13.
2b361
What is 536618 (base 12) in base 4?
11001223310
1bd972 (base 15) to base 3
2120012122222
2211202111112 (base 3) to base 14
2b4861
What is 1322114 (base 7) in base 8?
523062
What is 1e9cd (base 16) in base 12?
60691
Convert -341343 (base 7) to base 15.
-12e16
What is 2243312022 (base 5) in base 15?
69d627
Convert 431300444 (base 5) to base 15.
25ecb9
13243102 (base 5) to base 8
406010
Convert 2367a7 (base 11) to base 4.
1123202333
Convert 20022120200 (base 3) to base 12.
5bb69
What is -1110675 (base 9) in base 11?
-378a98
What is 176ed (base 15) in base 7?
434026
Convert 13232223 (base 5) to base 8.
404476
7128717 (base 10) to base 5
3311104332
Convert 37c7e (base 16) to base 3.
102121102011
What is -37a1466 (base 11) in base 7?
-110005545
What is 21204131 (base 5) in base 3?
100002002021
27141323 (base 8) to base 5
3024013222
Convert -3111251 (base 7) to base 12.
-15b788
-21121022210 (base 3) to base 11
-a2505
Convert 2a6524 (base 13) to base 7.
11600432
-54615365 (base 7) to base 13
-c843c8
Convert -1010101001111101100100 (base 2) to base 3.
-12020220201011
What is -1dbb18 (base 15) in base 10?
-1457123
-14826a (base 12) to base 2
-1010100011101110010
What is -1884680 (base 9) in base 12?
-431383
286896 (base 11) to base 14
b9529
-116798 (base 10) to base 2
-11100100000111110
What is 8dc66 (base 14) in base 7?
2636056
Convert 61b12 (base 15) to base 7.
2426450
22020200001 (base 3) to base 6
3251301
Convert 452213 (base 7) to base 12.
3a38b
Convert 14887248 (base 9) to base 7.
120141551
Convert 2344034 (base 5) to base 14.
11c96
22441031 (base 5) to base 15
40096
What is 10aaa5 (base 12) in base 6?
5423125
What is -413431344 (base 5) in base 15?
-2394d4
What is -20101230 (base 4) in base 12?
-17750
-90733 (base 11) to base 2
-100000011000101100
What is -63394 (base 13) in base 5?
-21203320
What is -1552204432 (base 6) in base 9?
-41540662
What is 583075 (base 12) in base 7?
15013205
-56181 (base 11) to base 14
-21945
What is 10312101320 (base 4) in base 2?
100110110010001111000
What is -10101000011001111000 (base 2) in base 8?
-2503170
What is -628257 (base 10) in base 2?
-10011001011000100001
Convert 2430092 (base 10) to base 11.
140a845
Convert -3329412 (base 13) to base 16.
-ef2254
Convert -7566 (base 8) to base 14.
-162a
Convert -167065 (base 10) to base 5.
-20321230
What is 31147 (base 12) in base 8?
175207
What is -1111000010110100 (base 2) in base 7?
-344436
What is -10221000111 (base 3) in base 13?
-29242
Convert -14096 (base 11) to base 8.
-47146
1010000011010010111 (base 2) to base 9
551723
276567 (base 15) to base 6
104335141
Convert -2533355 (base 10) to base 12.
-a2208b
What is 11211200121210 (base 3) in base 6?
131045033
What is 400b4 (base 12) in base 10?
83080
What is -863319 (base 13) in base 6?
-151253530
1b3b5 (base 15) to base 16
15a13
1868a8 (base 13) to base 7
5136260
-887051 (base 14) to base 5
-2141113244
Convert -11220100012 (base 3) to base 13.
-34bb3
Convert -1001101101101111000 (base 2) to base 3.
-121011122221
What is -111112212111200 (base 3) in base 11?
-40795a6
Convert 20887 (base 15) to base 3.
12020112101
What is -100000101000001101010011 (base 2) in base 11?
-4912247
5372a (base 14) to base 5
22423342
What is 3312012122 (base 4) in base 5?
224224101
Convert 11634341 (base 7) to base 2.
100000000100010100001
-1dc0a (base 15) to base 2
-10111101110111010
What is 34143300 (base 5) in base 4?
1021331212
What is -23575075 (base 8) in base 4?
-103233220331
Convert -111000000111011 (base 2) to base 8.
-70073
Convert -13701761 (base 8) to base 11.
-1837631
What is 21000132012 (base 4) in base 5?
1101024342
Convert 12200102220 (base 3) to base 5.
12034413
What is -301123020 (base 4) in base 2?
-110001011011001000
What is 10040103341 (base 5) in base 3?
200222012112002
283124 (base 12) to base 5
132401113
2201100100211 (base 3) to base 7
15161665
10622663 (base 7) to base 5
214231322
131323100 (base 4) to base 2
11101111011010000
What is -2705190 (base 10) in base 4?
-22110130212
What is -100010112122 (base 3) in base 13?
-63a64
What is 2c8c98 (base 15) in base 16?
